t is the tens digit of (55/x)/((-5)/(10/1))?
5
Let b(v) = v**3 + v**2 + v. Let c(h) = -206*h**3 - 12*h**2 - 12*h. Let p(j) = 12*b(j) + c(j). What is the hundreds digit of p(-1)?
1
Let z = 253 - -750. What is the hundreds digit of z?
0
Let s(q) = 133*q**2 + 66*q + 305. What is the units digit of s(-5)?
0
Suppose 10 = 5*k + 2*a - 40, 0 = 3*a - 15. Suppose h + k = 36. What is the units digit of h?
8
Let d(g) be the third derivative of 1/120*g**6 - 1/12*g**4 + 1/6*g**3 - 4*g**2 + 0*g + 0 + 1/60*g**5. What is the units digit of d(2)?
9
Let o = -7 - -9. Suppose 4*r = o*n + 16, -2*n + 2*r - 8 = 2*n. Suppose -3*z - 2*z + 55 = n. What is the units digit of z?
1
Suppose 30 = -8*w - 50. Let l(q) = -q**2 - 14*q + 2. What is the units digit of l(w)?
2
What is the tens digit of (-1 - 3/(-4))/((-24)/15072)?
5
Suppose c + 7*r - 779 = 11*r, 2*r = 3*c - 2347. What is the tens digit of c?
8
Let d = -132 - -249. What is the units digit of d?
7
Let h be 7 + -1 + -2*2. Suppose l - 2*k = -0*k + 47, h*k = -3*l + 165. What is the units digit of l?
3
Let t(a) = 144*a + 4 - 13 - 282*a. What is the tens digit of t(-1)?
2
Let v(u) = -u**3 - 15*u**2 - u - 14. Let x be v(-15). Let q(o) = -3*o - 4 + 0 - x. What is the units digit of q(-2)?
1
Let t be -10 + -2 - (-2)/(-1). Let y = t - -21. What is the units digit of y?
7
Suppose -4*o = -6*o. Suppose -3*q + 1 = -5. Suppose -q*h + 4*h - 6 = o. What is the units digit of h?
3
Suppose -15*j = 4991 + 1789. Let p = -175 - j. What is the tens digit of p?
7
Let a(p) = p**2 - 15*p + 19. Let y be 4/(-6) - (-2)/3. Suppose y = x - 5, -o + 2*o - 35 = -4*x. What is the tens digit of a(o)?
1
Let t = 643 - -2144. What is the units digit of t?
7
Let b = 20 - 17. Let n(c) = 4*c**2 - 4*c + 1. Let k be n(-4). Suppose -t + 0*t - 5*r = -15, 3*t + b*r = k. What is the units digit of t?
0
Let m(z) = 3*z + 11. Let v be m(-6). What is the tens digit of v + 4 + (-282)/(-3)?
9
Suppose 4*s + 46 - 214 = 0. Suppose 19*u - s = 17*u. What is the units digit of u?
1
Let o be 6/(-10) + 272/20. Let h(c) = -c**2 + 12*c + 16. Let l be h(o). Suppose -l*i - 90 = -8*i. What is the tens digit of i?
1
Let j = -9 + 12. Let l be (-2)/(4 + (-11)/j). What is the tens digit of l/36 + 115/6?
1
Let n = 10439 - 6752. What is the thousands digit of n?
3
Let r be ((-2)/6)/(1/(-327)). Let t = r - 58. Let v = t + -27. What is the units digit of v?
4
What is the units digit of 6 + -670*(-6)/4?
1
Let r = -39 - -43. Suppose -4*d + 0*d - r*y = -544, -4*y - 111 = -d. What is the tens digit of d?
3
Let o = 60 - -4. What is the units digit of (-2)/7 - (o/(-7))/4?
2
Suppose 982 = 2*x - 2*d, 65 = x - 3*d - 432. What is the tens digit of x?
8
Suppose 0 = 4*x + 10 + 6. What is the units digit of (-1)/(x/(-72)*-2)?
9
Let k = -118 + 465. What is the hundreds digit of k?
3
Let z be ((-6)/(-4) + -3)/((-2)/68). Suppose -19 = -5*c + z. What is the units digit of c?
4
Let c(b) = -b**3 - b**2 + 1. Suppose d + 6 - 4 = 0. Let x be c(d). Suppose 5*j + 2*i - 38 = 0, x*j - 5*i - 65 + 20 = 0. What is the units digit of j?
8
Let i = 41 + 2. Suppose 0*c - 3*v - 51 = -c, -5*v + i = c. What is the tens digit of c?
4
What is the tens digit of 4980/8*((-108)/(-15) - 0)?
8
Let r(c) be the first derivative of 11*c**2 + 2*c - 2*c**2 - 12 + 7*c**2. What is the units digit of r(1)?
4
What is the units digit of 2/(5168/2583 + -2) + 3?
6
Let s = -106 + 391. What is the hundreds digit of s?
2
Let z(b) = b**2 - 11*b - 43. What is the tens digit of z(-10)?
6
Let k = 235 + -163. Suppose -2*j - j + k = 0. What is the tens digit of -3*(-4)/j*50?
2
Let i(f) = f**2 + 7*f - 21. Let n be i(-9). Let q be -10*(12/5)/n. Suppose q*j - 11*j = -153. What is the tens digit of j?
5
Suppose 3*o + 1 = 4*o. Suppose -15 = -3*k, 5*k + 4 - 5 = 4*u. What is the units digit of 11/11 + u*o?
7
Let h(y) = 4*y - 69. Let g be h(7). Suppose 0*x = 5*x - 305. Let i = g + x. What is the tens digit of i?
2
Let b = -4 + 68. Suppose 4*f = -2*j - b, 0 = 2*f - 1 + 9. What is the tens digit of (-20)/j*9*6?
4
Let u(j) = 6 - 3*j - 6*j + 6*j. Let c be u(3). What is the units digit of c*((-78)/9 + 2)?
0
Let n = -401 - -876. What is the units digit of n?
5
Let g(u) = -u. Let c be g(-3). Suppose 29 = -5*i + 4, 2*v + 5*i = 81. Suppose c*f - 161 = -v. What is the units digit of f?
6
What is the thousands digit of 13812/16*40/15?
2
Let a(s) = 5*s. Let n be a(1). Let m = 387 + -383. Suppose 16 = n*x - m. What is the units digit of x?
4
Suppose -1301 = 5*z + 3*d, 4*d - 9 = d. What is the units digit of (-48)/(-32)*(0 + z/(-3))?
1
Suppose 2*x - 14 - 2 = -5*v, 2*x = v + 40. Suppose 4*r + x + 10 = 0. Let c(q) = -3*q - 10. What is the units digit of c(r)?
1
Suppose 10*g = -x + 6*g + 1333, -5*g = -4*x + 5416. What is the thousands digit of x?
1
Let j = -7 + 9. Suppose y + j*v - 53 = 0, -5*v - 115 = -3*y + 22. What is the units digit of y?
9
Suppose 4 = -4*y + 3*y, 4*p = 2*y + 1772. What is the hundreds digit of p?
4
What is the hundreds digit of (251/(-3))/((-2)/6)?
2
Let l(w) = w**3 + w**2 + 25. Let g = -20 - -20. What is the units digit of l(g)?
5
Let t(o) = 33*o - 54. Let z be t(16). Suppose 0 = -4*j - 3*x - 36 + z, -2*x = j - 112. What is the units digit of j?
8
Let g(p) = 63*p**2 + 3*p + 9. What is the tens digit of g(-3)?
6
Let x = -87 - 49. Let p = 218 + x. What is the units digit of p?
2
Let x be (-236)/6 - 20/(-60). What is the units digit of (x/4)/((-3)/20)?
5
Suppose t - 1731 = -613. What is the thousands digit of t?
1
Let b(t) be the second derivative of t**3/6 + t**2 + 4*t. Let a be b(2). Suppose -4*j - a = 0, j - 10 = -3*d + 4. What is the units digit of d?
5
Let n = 437 + -37. Suppose 2*z - 154 = -f, -5*z + 7*f = 2*f - n. What is the tens digit of z?
7
Let l(s) = 9*s**3 - 8*s - 6. Let z(d) = -3*d**3 + 3*d + 2. Let o(g) = -3*l(g) - 8*z(g). Let q be o(-3). Let u = 123 - q. What is the units digit of u?
0
What is the tens digit of 4/(-10) + (-10 - 5848/(-20))?
8
Let a(o) = o**2 + o + 11. Suppose 0 = 3*x - 0*x + 27. What is the tens digit of a(x)?
8
Let a be 3/9 + 34/6. Suppose a*z - 124 - 74 = 0. What is the units digit of z?
3
Let h(u) = 12*u + 3. Suppose 2*x = -n + 25, 4*n - 8*x - 87 = -3*x. What is the units digit of h(n)?
9
Let w be (1*9)/((6/43)/6). Let f = w - 270. What is the tens digit of f?
1
Let t be ((-153)/(-18) - 8)*3*2. Suppose 0*w - 3*w = 3*z - 261, 111 = z - 5*w. Suppose -2*q - q - 102 = -t*h, -4*h - 5*q = -z. What is the tens digit of h?
2
Suppose 2*s = 4*b - 6, 6*b - 5*s = b + 15. Suppose b*k = -3*k + 18. Suppose 16 = 2*l + 4*u, k = -l + 2*u + 26. What is the units digit of l?
4
Let c = -810 - -1152. What is the units digit of c?
2
Let b(m) = m + 13. Let j be b(-8). Suppose -j*y = 3*u - 140, -3*u + 5 = y - 11. What is the tens digit of y?
3
Suppose 0 = -4*w - 8, -20*w - 5978 = -3*v - 22*w. What is the thousands digit of v?
1
Suppose -4*j = -4*o + 3*o - 101, -3*o - 69 = -3*j. Let l = j - 2. Suppose l + 3 = 3*v. What is the units digit of v?
9
Let u be (-2)/7 + 6579/119. Let a = u + 21. What is the tens digit of a?
7
Suppose -7 + 2 = -f. Suppose 4*c = 5*m + 46, -3*c + f*m = -24 - 13. What is the units digit of c?
9
Suppose 75*z = 83*z + 632. Suppose -2*x - 716 = -5*o, -o + 4*x + 296 = o. Let i = z + o. What is the tens digit of i?
6
Let h(f) = -3*f + 2. Let a be h(8). Let p = -12 - a. Suppose x - p = -5*y, 0*x + 3*y = 5*x - 190. What is the tens digit of x?
3
Suppose 0*y = 4*y + 3*w - 9, 19 = 4*y + w. Suppose -y*g + 6 = -4*g. Suppose 60 = g*p - p. What is the units digit of p?
0
Let x = 1487 + -572. What is the tens digit of x?
1
Suppose -26*z + 70 = -24*z. Let h be ((-8)/5)/((-14)/z). Let n = h - -4. What is the units digit of n?
8
Let l be -2 + 47 + (-3 - 0). What is the units digit of (l/3)/(8/36)?
3
Suppose -4*i - 2*d = -1305 - 1857, 3*i = -4*d + 2369. What is the units digit of i?
1
Suppose -4*q + 2*b = -542, 5*q + 68 = b + 753. What is the tens digit of (-11)/44 + q/8?
1
Let c(t) = 2*t + 8. Let i be c(-4). Suppose 9 = x - i*x + 5*h, 4*h + 27 = 3*x. What is the units digit of (-6)/x + 104/12?
8
Let q(j) = -9 + 15*j + 0*j**2 - 21*j + j**2. Let w = -3 + 11. What is the units digit of q(w)?
7
Let c be (3 - 27/6) + 86/4. Suppose 0 = -c*z + 15*z + 1050. What is the units digit of z?
0
Suppose z + o - 1343 - 648 = 0, z + 4*o = 1982. What is 